 tens digit of i?
1
Let b be 0/(-4) + (-2)/1. What is the units digit of (0 - b) + (13 - 0)?
5
Let m = 11 + -8. Suppose 19 = i + m*q, -3*i - 4*q = -2*q - 22. What is the units digit of i?
4
Let p = 584 - 220. What is the tens digit of p/14*(2 - 1)?
2
Let k be 2/(-6)*72/(-12). Let j(p) = 7*p**3 - 4*p**2 + 3*p - 6. Let l(y) = y**3 - y**2 + y - 1. Let g(x) = j(x) - 6*l(x). What is the units digit of g(k)?
0
Suppose v - 60 = -2*v. What is the units digit of v?
0
What is the tens digit of (-148)/(-14) + 3*(-4)/(-28)?
1
Let c = 0 + 6. Suppose -2*q + c = q. Suppose 5*m = q + 13. What is the units digit of m?
3
Suppose 0*i - 75 = 3*i. Let z = i - -45. What is the tens digit of z?
2
Let o(y) = 1 + y**2 - y**3 + 2*y**3 + 9*y**2. What is the units digit of o(-10)?
1
Let m = 9 + -14. Let u = m + 30. What is the units digit of u?
5
Let u = -1 + 2. Let y(l) = 28*l + 1. Let n be y(u). Suppose -5*v + 6 = -n. What is the units digit of v?
7
Suppose 0 = -u + 4*m + 55, 0*m + 109 = 3*u + 2*m. Let n be 0 - 1*(8 + 0). What is the units digit of (n/12)/((-2)/u)?
3
Suppose -3*v = -4*j - 24, -4*v - j + 0*j = -13. Suppose 2*a - 16 = -v*h, a + 40 = 6*a - 5*h. What is the units digit of a?
8
Suppose 32 = -2*i - 24. What is the tens digit of (-344)/i - (-2)/(-7)?
1
What is the tens digit of 9/((-540)/(-8)) + 3086/30?
0
Suppose 2*w - 85 = g, w = 4*g + 43 + 10. What is the tens digit of w?
4
Let h(x) = -7*x + 13. What is the tens digit of h(-4)?
4
Let w(s) = -s**3 - 4*s**2 + 4*s - 1. Let a be w(-5). Suppose -a*d + 4*o - 192 = 0, -2*d + 4*o = -4*d - 72. Let p = -29 - d. What is the tens digit of p?
1
Suppose -27 - 21 = 3*x. Let q = 25 + x. What is the units digit of q?
9
Let r(i) = -3*i + 6. Let a(y) = y**2 + 6*y - 8. Let m be a(-6). Let n be r(m). Suppose -3*f - 5*x + 18 = -3*x, 0 = 5*f + 4*x - n. What is the units digit of f?
6
Let u = 78 - 48. Let w be 20/u - (-7)/3. Suppose -5*m = -15, -4*y + m = -w - 14. What is the units digit of y?
5
Let w(g) = g**2 - 7*g + 6. Suppose 0 = -0*b + b - 6. Let j be w(b). Let n = 17 + j. What is the tens digit of n?
1
Let s(b) = -b + 2. Let d be s(4). What is the units digit of 18/15 + d/10?
1
Let v(i) = -20*i**3 - 2*i**2 + 1. Suppose f - 1 = 2*f. What is the tens digit of v(f)?
1
Let r(m) = m + 8. Let d be r(-6). Suppose -4*x + 26 = 5*o, -3*x = 4*o - 0*x - 21. Suppose -18 = -d*y + o. What is the tens digit of y?
1
Let v(m) = 21*m**2 - 3*m - 2. Let q be v(-3). Suppose 4*c - 16 + q = 0. Let n = -26 - c. What is the units digit of n?
9
Let m = 8 - 16. Let h = m + 10. What is the units digit of h?
2
Let t(i) = 11*i - 3*i**2 - 1 + 2*i**2 - i - i. What is the tens digit of t(6)?
1
Let k = 75 + -52. What is the units digit of k?
3
Let f be (6/(-4))/((-3)/(-16)). Let l be 21/(-28)*f/2. Suppose 5*i - 12 = -x, -5 + l = -2*i. What is the units digit of x?
7
Let k(x) = 2*x + 5. What is the units digit of k(6)?
7
Let k(d) = 3*d + 22. What is the units digit of k(9)?
9
Suppose 3*u + 0 = d - 8, 2*d - u = 6. Suppose 5*s = l + 22 + d, -4*l = s + 33. What is the units digit of l/2*(2 + -4)?
9
Let g be 61 + (1 - (-1 - -2)). Suppose j = -0*j - 5*b - 13, 5*b = 3*j - g. What is the tens digit of j?
1
Suppose 0*n - 796 = -5*k + n, 3*n = -4*k + 652. What is the tens digit of k?
6
Let i(o) = -o**3 + 4*o**2 + 5*o - 1. Suppose 4*c = 4*g + 36, -3*c - 5*g = -6*g - 17. What is the units digit of i(c)?
9
Let p(m) be the third derivative of m**9/60480 + m**5/30 + m**2. Let h(i) be the third derivative of p(i). What is the units digit of h(2)?
8
Let b be ((-14)/3)/((-8)/12). Let i = -1 + b. What is the units digit of i?
6
Let l = 18 - 10. Suppose 2*r + 12 = 2*a, 10 + 18 = 5*a - 3*r. Let v = l - a. What is the units digit of v?
3
What is the tens digit of (924/49)/(0 + (-2)/(-35))?
3
Suppose -k - 30 = -5*i, 3*i - k = i + 12. Suppose 0*u = 3*u - i. What is the units digit of u?
2
Let v(l) = l**2 - 6*l - 4. Let x be v(7). Suppose 64 = 2*w - 3*g, -3*w - x*g + 103 = -4*g. What is the tens digit of w?
3
Suppose 3 + 7 = -h + f, -5*f - 14 = 3*h. Let s = h + 17. What is the units digit of s?
9
Let t(m) = -m**3 - 5*m**2 + m - 5. Let z = 13 - 19. What is the units digit of t(z)?
5
Suppose 0 = u + 1 + 5. Let d be 4/(-3)*(-9)/u. Let r = 3 + d. What is the units digit of r?
1
Suppose 0 = k + 4*k - 35. Let d(n) = -n**3 + 7*n**2 - n + 14. What is the units digit of d(k)?
7
Let w(t) = t**3 - 5*t**2. Let c be w(5). Suppose 2*m + 13 - 33 = c. What is the tens digit of m?
1
What is the hundreds digit of 0 - (-160 - -2 - 12/6)?
1
Let t(u) = -u**2 + 12*u + 1. Let m be t(10). Let a be (-4)/14 + 1056/m. Suppose -6*r + a = -r. What is the tens digit of r?
1
Let g be 0 - -6*(2 - 0). Suppose 6 - g = -2*u. What is the units digit of u?
3
Let m(f) = -3*f**3 - 4*f**2 - 2*f. Let l(k) = -2*k**3 - 2*k**2 - k. Let d(g) = 13*l(g) - 6*m(g). What is the units digit of d(-1)?
7
Suppose -4*g + 6*f + 163 = 3*f, 3*g + 5*f = 86. Let i = 57 - g. What is the units digit of i?
0
Suppose -4*i - 2*h + 5*h = -37, -4*i = -4*h - 36. What is the tens digit of i?
1
Let c = 22 - -10. What is the tens digit of c?
3
Let b be (4/(-10))/((-1)/(-5)). Let g be ((-1)/2)/(b/72). What is the units digit of (-10)/45 - (-22)/g?
1
Let z(h) = -h**3 - 4*h**2 - 4*h. Let t be z(-3). Suppose -5*s + t*s = -8. Suppose 3*f - 2*f - s = 0. What is the units digit of f?
4
Let i = 10 + -8. What is the units digit of ((-2)/i)/((-5)/85)?
7
Suppose -o + 2*w - 7 = 0, -o - 4*w = -2*o - 17. Suppose -108 = o*n - 7*n. What is the units digit of n?
7
Let l(z) = z**2 + z + 15. Let f(x) = -x. Let h(b) = f(b) + l(b). What is the tens digit of h(0)?
1
Suppose 0 = 5*b - 3*y - 45, y + 0*y = -5. Suppose -r + b = 2*r. Suppose r*p = -c + 31, -4*p + 77 = 2*c + 3*c. What is the tens digit of p?
1
What is the units digit of (3 + 1)/(-4)*-35?
5
Let o(u) = u**3 + 12*u**2 + 11*u + 5. Let m be o(-11). Suppose 0 = -4*g + m*g - 25. What is the tens digit of g?
2
Let m(f) = 8*f - 6. Let v(s) = -s + 1. Let n(i) = m(i) + 6*v(i). Let y be n(3). Suppose 25 = -r + y*r. What is the units digit of r?
5
Let w(b) = -6*b**3 + 4*b**2 + 4*b + 7. Let x(v) = -17*v**3 + 12*v**2 + 12*v + 20. Let z(y) = 11*w(y) - 4*x(y). What is the tens digit of z(4)?
4
Let k(h) = 6 - h + 3 + 3*h. What is the tens digit of k(5)?
1
What is the units digit of (-20)/(-7)*7/2?
0
Let l = -18 + 26. Suppose -2*i - l = -2*r - 0*i, i - 44 = -5*r. Let n(g) = -g**3 + 9*g**2 - 7*g - 7. What is the units digit of n(r)?
1
Let u = 8 - 2. Let x(t) = -2*t + 18. Let c(r) = -2*r + 17. Let k(o) = u*x(o) - 7*c(o). What is the units digit of k(10)?
9
Let j(l) = 3 - 2*l - l**3 - 5 + 5*l**2 - 3*l + 5. What is the units digit of j(3)?
6
Let n be 3/4 + (-30)/(-24). Let f(z) = 4 + 2 - 8*z - 2 + n*z**2. What is the units digit of f(5)?
4
Let k = 85 - -80. What is the units digit of k?
5
Let u(w) = -w**3 - 9*w**2 - 11*w + 11. What is the units digit of u(-9)?
0
Suppose -3*n - n + 36 = 0. Let m = n + -7. Suppose 2*q = 8 + m. What is the units digit of q?
5
Suppose -2*l + 59 = 3*w + 3*l, 52 = 2*w - 3*l. What is the tens digit of w?
2
Let z be -1 - (1 - (-4)/(-2)). Suppose 0 = -5*v + s + 25, z*s - 41 = -4*v + 5*s. Let b = 0 + v. What is the units digit of b?
4
Let j = -67 - -89. What is the tens digit of j?
2
Suppose -7 + 1 = -3*i. Suppose 2*b + i - 32 = 0. What is the tens digit of b?
1
Let s be (-21)/(-12)*(-2 + 18). Suppose 2*w - s = -0*w. What is the tens digit of w?
1
Let q(l) = -4*l + 0*l + l. What is the units digit of q(-3)?
9
Suppose 538 + 252 = 5*g - 5*k, -4 = -2*k. What is the hundreds digit of g?
1
Let p = -20 + 24. Let h be 2/(-8) - (-148)/16. Let x = p + h. What is the units digit of x?
3
Suppose -212 + 1184 = 6*i. What is the hundreds digit of i?
1
Suppose -h + 2 = 4*h + 4*l, -4 = 3*h + 5*l. Suppose m - 10 = h. What is the tens digit of m?
1
Suppose d - 4*g = 22, d - 4*g + 3*g - 7 = 0. Suppose 2*i - 24 = -4*v - 0*i, -2*i = d*v - 8. What is the units digit of v?
8
Let d(r) = -11*r - 5. What is the units digit of d(-2)?
7
What is the tens digit of ((-68)/(-85))/((-1)/(-15))?
1
Suppose -7*h + 20*h - 572 = 0. What is the tens digit of h?
4
Let m = 3 - 3. Suppose -4*a + 32 = -m*a. Let r = 15 - a. What is the units digit of r?
7
Let k(g) = -g**2 - 12*g - 11. Let m be k(-8). Let r = -15 + m. What is the units digit of r?
6
L